5?
-99
In base 5, what is -1 + -14011?
-14012
In base 5, what is -10 + 120?
110
In base 7, what is -234 + 35?
-166
In base 14, what is -77 + 2?
-75
In base 2, what is 1000010 + 1?
1000011
In base 16, what is -3 + 6f?
6c
In base 10, what is -1 + 39?
38
In base 12, what is -1a2 + 19?
-185
In base 4, what is 13 + 22231?
22310
In base 6, what is 142 - -10?
152
In base 5, what is -11 - -100?
34
In base 12, what is 4249 + 2?
424b
In base 12, what is -4 + -56?
-5a
In base 13, what is -4b - -1?
-4a
In base 2, what is -10 - 111110100010?
-111110100100
In base 4, what is -302 - -3?
-233
In base 14, what is b - 2?
9
In base 15, what is 0 - 4d?
-4d
In base 14, what is b4 - 4?
b0
In base 7, what is -246 + 12?
-234
In base 7, what is -16520 - -3?
-16514
In base 16, what is 3b + -34?
7
In base 10, what is -2 - -1902?
1900
In base 9, what is -4 - -284?
280
In base 8, what is 3 - -432?
435
In base 15, what is -3 - 6b?
-6e
In base 4, what is -13 + 3200?
3121
In base 10, what is -5 - -22?
17
In base 5, what is 4 - -211?
220
In base 8, what is -11 - -116?
105
In base 10, what is -19 - 210?
-229
In base 15, what is 32 - -2?
34
In base 4, what is 1 - -30023?
30030
In base 2, what is -1111010010 + -111?
-1111011001
In base 9, what is 4607 - 3?
4604
In base 10, what is 392 + 2?
394
In base 8, what is 1 - 35?
-34
In base 10, what is 5 + -3137?
-3132
In base 10, what is -5 - 55?
-60
In base 16, what is -4 - -72?
6e
In base 14, what is 136 + -3?
133
In base 8, what is -214 - -6?
-206
In base 15, what is -27c9 - 1?
-27ca
In base 12, what is -4 - -64?
60
In base 10, what is -625 + -5?
-630
In base 6, what is 3 - -123?
130
In base 4, what is 3012 - 3?
3003
In base 13, what is -2 - 25?
-27
In base 5, what is 1 + 324?
330
In base 13, what is -153 + -3?
-156
In base 2, what is -1110 - -100?
-1010
In base 5, what is -1 + 1413?
1412
In base 3, what is 2 + 222?
1001
In base 11, what is -52 + -2?
-54
In base 5, what is 2 - -442?
444
In base 3, what is 11 - 220010?
-212222
In base 2, what is 1 - -100101101110?
100101101111
In base 4, what is 32101 - 0?
32101
In base 6, what is 23 - 11?
12
In base 8, what is -21 - -7?
-12
In base 6, what is 21442 + 2?
21444
In base 11, what is -18 + 25?
8
In base 15, what is 1bee - -1?
1c00
In base 8, what is -536 + 1?
-535
In base 14, what is -15 - -2?
-13
In base 9, what is 246 - 2?
244
In base 6, what is 444 - 5?
435
In base 5, what is -30 - -110?
30
In base 16, what is 69 + 1?
6a
In base 6, what is 35325 - -3?
35332
In base 13, what is 3 - 3a?
-37
In base 3, what is -102 - -201?
22
In base 7, what is -5 + -122?
-130
In base 13, what is 13 - -113?
126
In base 14, what is a + 35?
41
In base 2, what is 1011110001 - 0?
1011110001
In base 9, what is -326 + -4?
-331
In base 4, what is -211201 + -10?
-211211
In base 15, what is -7 + -1?
-8
In base 7, what is -2 + -141?
-143
In base 10, what is -13 - 10?
-23
In base 2, what is -100101100 + 11?
-100101001
In base 13, what is -3 + 101?
cb
In base 14, what is -c1 - 1?
-c2
In base 15, what is c4 - 3?
c1
In base 10, what is -5710 + 1?
-5709
In base 15, what is -5 + 123?
11d
In base 4, what is 100113 - -3?
100122
In base 13, what is 13 + -173?
-160
In base 15, what is 4 + b?
10
In base 8, what is -5210 + -10?
-5220
In base 12, what is 3 + 2046?
2049
In base 9, what is -112 + 23?
-78
In base 4, what is -1122 - -2?
-1120
In base 12, what is -2871 - -2?
-286b
In base 12, what is -a92 - 1?
-a93
In base 5, what is -411 + -110?
-1021
In base 12, what is 1 - -b6?
b7
In base 8, what is -5 + 11?
4
In base 4, what is 2 - 1221?
-1213
In base 3, what is -1211200 - 20?
-1211220
In base 11, what is 2 + -4?
-2
In base 2, what is -101 - -10110001?
10101100
In base 12, what is 1758b + -4?
17587
In base 4, what is 132020 - -10?
132030
In base 4, what is -2 + 11031?
11023
In base 16, what is 1 + -2c?
-2b
In base 4, what is 2 + 12023?
12031
In base 13, what is -21 + -8?
-29
In base 15, what is -1607 - -2?
-1605
In base 7, what is -66 + 1206?
1110
In base 16, what is 5 + 1e?
23
In base 4, what is 2 - 30123?
-30121
In base 14, what is -5d - -c?
-51
In base 14, what is 7 - 225?
-21c
In base 3, what is 1022 - 201102?
-200010
In base 4, what is -1 - 20033?
-20100
In base 14, what is -c - -9?
-3
In base 12, what is -4 - 8b?
-93
In base 6, what is -5 + 11204?
11155
In base 2, what is -101 - -1000110?
1000001
In base 6, what is 20 + -1?
15
In base 9, what is -84 - 7?
-102
In base 3, what is -2 + 100021?
100012
In base 2, what is 110011 + 10010?
1000101
In base 13, what is 12 - 22c?
-21a
In base 13, what is 2a16 - 2?
2a14
In base 5, what is -2021 + -4?
-2030
In base 3, what is 10 - -202010?
202020
In base 3, what is 21100 - -11?
21111
In base 10, what is 7 + -60?
-53
In base 7, what is 4 + 3306?
3313
In base 12, what is -a + 8?
-2
In base 13, what is -1 + 585?
584
In base 11, what is -4 + -325?
-329
In base 10, what is 4 - -124?
128
In base 15, what is e + -124?
-115
In base 5, what is -1 - -41?
40
In base 16, what is 12b - 0?
12b
In base 6, what is -2211 + 3?
-2204
In base 3, what is 11 + -11112?
-11101
In base 15, what is 4 - 645?
-641
In base 15, what is -2 - -51?
4e
In base 3, what is 210 + 122020?
200000
In base 14, what is 4 + 1aa2?
1aa6
In base 14, what is 144 - -52?
196
In base 15, what is 2 - -14d?
150
In base 16, what is -5 + -9?
-e
In base 10, what is -5 + -34?
-39
In base 7, what is -52 - 14?
-66
In base 16, what is -47 + -1?
-48
In base 9, what is -22 + 23?
1
In base 8, what is 3 + -11756?
-11753
In base 2, what is 100 - 10110000?
-10101100
In base 15, what is -4d + -1?
-4e
In base 6, what is -20 - 30?
-50
In base 11, what is -159 + 7?
-152
In base 15, what is 5 - 417?
-412
In base 14, what is -2 - c?
-10
In base 5, what is -10 - 2011?
-2021
In base 6, what is -303 + 413?
110
In base 6, what is 0 - -233?
233
In base 3, what is 11102 - 10?
11022
In base 4, what is 110221 - -11?
110232
In base 10, what is -9 - 94?
-103
In base 13, what is -2 - -49?
47
In base 3, what is 1 + 210120?
210121
In base 10, what is 5 + -74?
-69
In base 12, what is 45 + -9?
38
In base 9, what is 1 - 412?
-411
In base 4, what is -131 + -301?
-1032
In base 8, what is -134 + -67?
-223
In base 14, what is 1 + -24?
-23
In base 15, what is 67 - 4?
63
In base 3, what is 2 + 102021?
102100
In base 10, what is -1838 - 5?
-1843
In base 10, what is 5 + -11?
-6
In base 6, what is 244 - -5?
253
In base 8, what is 27 - 542?
-513
In base 3, what is -1 - 10120111?
-10120112
In base 13, what is 60 - 2?
5b
In base 11, what is -34 + 5?
-2a
In base 5, what is 10 - -211?
221
In base 4, what is 1130 - 0?
1130
In base 11, what is 1700 + 2?
1702
In base 12, what is -7 - -6?
-1
In base 13, what is -249 - c?
-258
In base 4, what is -13231 - -10?
-13221
In base 11, what is 3 - 8a6?
-8a3
In base 5, what is -1024 - 413?
-1442
In base 16, what is 2 + 9?
b
In base 14, what is -293 + 4?
-28d
In base 16, what is -9dea - 2?
-9dec
In base 7, what is 1323 - 3?
1320
In base 9, what is 0 + 181?
181
In base 5, what is -3 + -4320?
-4323
In base 5, what is -1 - -14132?
14131
In base 6, what is 15 - 13?
2
In base 15, what is -5 - 31?
-36
In base 5, what is 10 - 44?
-34
In base 12, what is -225 + 6?
-21b
In base 16, what is 53 + -4f?
4
In base 9, what is 12 - 8?
3
In base 14, what is -2bc0 - 1?
-2bc1
In base 9, what is 87287 + 0?
87287
In base 11, what is 5 - 1a6?
-1a1
In base 2, what is -1101 + 1111?
10
In base 10, what is 2728 + -4?
2724
In base 16, what is 83 + a?
8d
In base 12, what is 39 - -4?
41
In base 10, what is -3 + 45?
42
In base 6, what is 555 + -13?
542
In base 15, what is -3 - -e?
b
In base 4, what is 10231 - -122?
11013
In base 8, what is -2 + -27?
-31
In base 3, what is -100122200 + 12?
-100122111
In base 5, what is 2011 + -4?
2002
In base 9, what is -186 - 0?
-186
In base 12, what is -4 + -2a9?
-2b1
In base 12, what is 3 + -181?
-17a
In base 3, what is 121120 - 1?
121112
In base 3, what is -2102 + -1?
-2110
In base 13, what is -15 - 14?
-29
In base 10, what is 10 + -89?
-79
In base 6, what is -2 - -21252?
21250
In base 15, what is -8 + -3?
-b
In base 11, what is 6 - 6?
0
In base 6, what is -32 + 15?
-13
In base 3, what is 2 + -1212?
-1210
In base 12, what is -97b + 3?
-978
In base 8, what is 23 + -160?
-135
In base 2, what is -10 + 1000000100?
1000000010
In base 4, what 